is divided by c(6).
103
Let k(m) = 63*m + 90. Let g be k(-6). What is the remainder when (-2 + -6)*10548/g is divided by 74?
71
Suppose 0 = -54*t + 56*t + 3*o - 633, 0 = -3*t + o + 922. Calculate the remainder when t is divided by 62.
61
Let b(k) = -9*k + 36. Let p be b(3). Let t = 37 - p. Calculate the remainder when 29 is divided by t.
1
Let c(o) = o**3 + 4*o**2 - 5*o + 4. Let z be c(-5). Suppose -z = -5*b + b. What is the remainder when 4 is divided by b?
0
Let g be (-81)/18*2/2*-2. Suppose 224 = g*b - 7*b. Let w = b + -67. Calculate the remainder when w is divided by 3.
0
Suppose 19*m - 82 = 108. Let s = -20 - -16. Let k = s - -91. Calculate the remainder when k is divided by m.
7
Let n(b) = b**2 + 1828*b - 16266. What is the remainder when n(9) is divided by (-383)/(-7) - 2/(-7)?
47
Let f(j) = -28*j**2 + 10*j**2 - 7*j + 19*j**2 + 191. Let r be f(0). Suppose -15*w + r = -14*w. Calculate the remainder when w is divided by 39.
35
Let v be ((-12)/16 - -1) + (-26)/8. Let k(w) = 6*w**2 + 5*w + 1. Let q be k(v). Calculate the remainder when (q/(-12))/(6/(-117)) is divided by 23.
19
Let k be 90*1/6*-14. Let w = k - -260. Calculate the remainder when 195 is divided by w.
45
Let s(j) = -j**3 - 6*j**2 - 11*j - 13. Let f be s(-4). What is the remainder when -38 + 331 - 4*f is divided by 95?
12
Let w = 12 - -256. Let l = 294 - w. What is the remainder when 415 is divided by l?
25
Let n = -340 - -352. Suppose -n = -14*y + 156. What is the remainder when 81 is divided by y?
9
Let r = 3992 - 3916. Calculate the remainder when 260 is divided by r.
32
Suppose -2*b + 3*b = -6*b. Suppose -z - 5*z + 102 = b. Calculate the remainder when 60 is divided by z.
9
Suppose 1387 + 653 - 85 = 17*s. What is the remainder when 255 is divided by s?
25
Suppose 81*i = 67*i + 3570. What is the remainder when i is divided by 125?
5
Let u be ((-69)/92)/(1/(-12)). Suppose x - 1180 = -u*x. Calculate the remainder when x is divided by 25.
18
Let h = 20191 - 1281. Calculate the remainder when h is divided by 6.
4
Let b = 19 - 14. Suppose 0 = b*f - 5*m - 340, -f + 2*m = 4*f - 355. Let g = -106 - -121. What is the remainder when f is divided by g?
13
Let s be -12*12/24 - (0 - 8). Suppose 4*x = 4*l - 0*x - 60, s*l = -5*x + 30. What is the remainder when 73 is divided by l?
13
Suppose 28*o - 29300 = -21*o - o. What is the remainder when o is divided by 137?
38
Suppose 0 = -3*w + 94*x - 92*x + 18, 0 = -2*w + 3*x + 2. Let p = 37 + 11. Calculate the remainder when p is divided by w.
8
Let a(t) = -74*t - 1675. Calculate the remainder when (0 - -2)/((-2)/(-184)) is divided by a(-23).
22
Let o = 3582 + -3579. Calculate the remainder when 262 is divided by o.
1
Suppose 0 = 2*y + 727 - 2521. Let j = y - 569. What is the remainder when j is divided by 30?
28
Let x(i) = -i**2 + 12*i - 71. Let c be x(14). Let p = c - -208. What is the remainder when p is divided by (-1 - -9)/(-2)*-7?
25
Suppose 0 = 79*q + 402 - 2298. What is the remainder when 75 is divided by q?
3
Suppose -4*g = 0, 12*g = -2*s + 8*g + 38. Calculate the remainder when 2030 is divided by s.
16
Let c(a) = -10*a**2 + 23*a + 34. Let g(i) = 6*i - 7. Let p be g(5). Let t = p - 0. What is the remainder when t is divided by c(3)?
10
Suppose 2*x = -11 + 67. Suppose -99*o = 165*o - 11352. Calculate the remainder when o is divided by x.
15
What is the remainder when (-2 - 8) + (-135)/18*-634 is divided by 47?
45
What is the remainder when 183 is divided by (-24)/(-26)*(-533)/(-82)?
3
Suppose 10*m - 175 = 5*m. Let n = m + -30. Let f(v) = -v**2 - 13*v - 9. Calculate the remainder when f(-11) is divided by n.
3
Let i = 19144 + -18931. Let w(h) = -11*h**3 + 2*h**2 - 1. Calculate the remainder when i is divided by w(-1).
9
Suppose -3*f + 5*y = -68, -5*f - 333 = -2*y - 478. Calculate the remainder when 830 is divided by f.
24
Suppose 76*z - 262*z = -3423 - 297. What is the remainder when 192 is divided by z?
12
Let m(b) = -2*b**3 + 2*b**2 + 3*b. Let f(y) = 10*y**2 + 17*y - 90. Let n be f(5). What is the remainder when m(-3) is divided by 196/n*(-55)/(-2)?
19
Suppose 2*v - 5*r - 113 = 0, 15 = -15*r + 10*r. Suppose -913 = -32*o - v. Calculate the remainder when 44 is divided by o.
17
Let k be 3/27 - ((-53712)/(-81))/(-8). Suppose 107*u - k*u = 1008. What is the remainder when 118 is divided by u?
34
Let f be (2/3 + (-238)/51)*1. Let t be 24*((-2)/8)/(f/12). What is the remainder when (0 - -4)/((t/21)/3) is divided by 4?
2
Let z = 566 - 520. Let j be 16/24 + 32/6. Let f(q) = -q**3 + 5*q**2 + 7*q. Calculate the remainder when z is divided by f(j).
4
Suppose -k + 9 = -3*j, 0 = 3*k - j + 134 - 145. What is the remainder when 468 is divided by k?
0
Suppose l - 873 = 7*h - 9*h, 2*h - 867 = 5*l. Calculate the remainder when h is divided by 134.
34
Let d = -19 + 31. Suppose -q + 98 = q. Let v = q - 27. What is the remainder when v is divided by d?
10
Let b(w) = -w**3 - 10*w**2 + 33*w + 266. Calculate the remainder when b(-15) is divided by 21.
14
Let t(c) = 121*c + 779. What is the remainder when 686 is divided by t(-6)?
50
Suppose -5*k - 2*f - 210 = 0, -10 - 14 = k + 4*f. Let s = -36 - k. Let t = 7 + s. Calculate the remainder when t is divided by 10.
5
Let s(c) = 37*c + 22. Let h be s(3). Let w = 73 - h. Let f = 82 + w. Calculate the remainder when f is divided by 6.
4
Let k(v) = -v**3 + 38*v**2 - 111*v + 104. Calculate the remainder when k(34) is divided by 86.
8
Suppose 48*i - 53*i = 30. Let g(o) = 3*o + 22. Let p be g(i). Suppose 0*j - p*j + 196 = 0. What is the remainder when j is divided by 13?
10
Suppose -m = 141 - 138, -4*m = -2*x + 148. Calculate the remainder when 230 is divided by x.
26
Let g(w) = 20*w + 1. Suppose 4*j - 36 = -0*j. Suppose 11*i - j*i - 162 = 0. What is the remainder when i is divided by g(1)?
18
Let l(q) be the first derivative of q**4/2 - 2*q**3 - 5*q**2 + 21*q + 57. Calculate the remainder when l(5) is divided by 51.
20
Suppose -18*t = 6405 - 7359. Calculate the remainder when 258 is divided by t.
46
Let s(m) = -2*m - 5. Let o(l) = -l**2 + l + 187. Calculate the remainder when o(-13) is divided by s(-4).
2
Suppose 1431 = 4*o - 4605. What is the remainder when o is divided by 21?
18
Suppose -4*t + 0*t + 100 = i, -3*i = 4*t - 308. What is the remainder when i is divided by (588/35)/((-12)/(-30)) + 12?
50
Let y = -5554 - -5588. What is the remainder when y is divided by 19?
15
Calculate the remainder when (70 + 13 + -6)*(-1083)/(-3) is divided by 200.
197
Suppose -5*g - 900 = 2*i, -23*g + 2277 = -5*i - 22*g. Let r = -436 - i. Calculate the remainder when r is divided by 8.
3
Suppose -17317 - 610 = -13*b. Suppose -466 = -5*o + b. Calculate the remainder when o is divided by 94.
87
Suppose 4*p + 53 = -6*l + 3*l, 4*p + 59 = -5*l. Let o(y) = -22 + 295*y + 312*y - 596*y + 2*y**2. Calculate the remainder when o(p) is divided by 6.
3
Suppose -12*d - 4*w + 4336 = -8*d, 2*d + 3*w - 2169 = 0. Calculate the remainder when d is divided by 39.
30
Suppose 0 = -4*u + 4*l + 17228, -17*l = -18*l + 4. What is the remainder when u is divided by 227?
225
Calculate the remainder when 222 - 5*(-108)/(-45) is divided by 100.
10
Let z(x) = 37*x + 3. Let n be z(-3). Suppose -3*l + 4*c + 193 = -413, -4*c - 1010 = -5*l. Let y = l + n. What is the remainder when y is divided by 33?
28
Let q(b) = 11*b - 60*b**3 + 47 + 13*b**2 + 16*b**3 + 23*b**3 + 20*b**3. What is the remainder when (-1)/(1/2) + 20 is divided by q(14)?
3
Suppose 3*t = 5*y, -2*y + 41 = 5*t + 10. Let a be (y - (-5 + 8))/(-1*1). Suppose 5*z + 23 - 58 = a. What is the remainder when 48 is divided by z?
6
Suppose -4*s + 2*m = -376, -m + 189 + 193 = 4*s. Suppose 4*j + 4 = 36. Calculate the remainder when s is divided by j.
7
Calculate the remainder when ((-20)/5)/(-1)*(1384 + 12) is divided by 49.
47
Let q = -57 - -60. Suppose 0 = q*r + 3*t - 8*t - 1963, -r = -3*t - 653. Calculate the remainder when r is divided by 66.
62
Calculate the remainder when 264 is divided by (2/(-3))/(298/(-14751)).
0
Let o = 150 - -30. Calculate the remainder when o is divided by (-187)/(-5) - 9*6/(-90).
28
Suppose 109*g - 95*g - 10108 = 0. What is the remainder when g is divided by 122?
112
Suppose -4*h - 3*p = -10, 9 = -0*h - h + 5*p. Calculate the remainder when (-1)/((-4)/(-452)*-1) is divided by h/(-4) - (-